
Let s(i) = 4*i + 341. Let u be s(21). Calculate the highest common factor of 125 and u.
25
Let l(c) = c**3 + 27*c**2 + 25*c + 50. Let w be l(-7). Calculate the greatest common factor of w and 135.
45
Suppose 0 = 2*j - 6*j - 372. Let z be 15/(-35) - j/21. Suppose -69 = -z*m + 2*s - 7*s, 5*s = -2*m + 37. Calculate the greatest common factor of m and 176.
16
Suppose 684 = 4*d + 96. Suppose 5*a - d = -2*a. Let t be 2/(-5) + (-3685)/(-25). What is the greatest common divisor of a and t?
21
Suppose -6 = 2*g, 5*i - 183 = 2*i - 5*g + 3*g. Let u be 17 + (3 - (0 - -2)). Calculate the greatest common divisor of i and u.
9
Let n be 120/(-7)*9849/(-14). Calculate the greatest common divisor of n and 180.
180
Let h(k) = -k**3 + 7*k**2 - 6. Let d be h(5). Suppose -5*g - 4*w + 61 + 913 = 0, 4*g = -3*w + 780. Calculate the greatest common factor of d and g.
22
Suppose 153*o = 1040 + 643. What is the highest common divisor of o and 704?
11
Let s be 1604 - 11/(-2 + -9). What is the greatest common divisor of 45 and s?
15
Let s(l) = 15*l - 17*l**2 + 7*l + 13*l + 20*l**2 - 35. Let h be s(-14). Let n be ((-12)/10)/((-12)/90). Calculate the greatest common factor of n and h.
9
Suppose -3*m + 3*u + 588 = 0, -8*u + 4*u + 944 = 5*m. Calculate the highest common factor of 708 and m.
12
Let x be (-3)/(30/(-8)) - (-124)/(-5). Let j be ((-126)/(-24))/(2 - (-39)/x). What is the greatest common divisor of j and 2?
2
Suppose -o - 3*n = -0*n - 3, 5*n = -4*o + 5. Suppose -6*i + 47 + 1 = o. What is the greatest common factor of 28 and i?
4
Let c be (-670)/(-15) - -2 - ((-20)/6 + 2). Calculate the greatest common divisor of c and 64.
16
Suppose -2*u + 12 = 168. Let s be (6/18)/((-2)/u). Suppose -64 - 170 = -s*w. Calculate the greatest common divisor of w and 198.
18
Let j = 42 - 46. Let b be j/(-3) + ((-8)/3)/(-1). Suppose 0*v = 4*v - b*i - 72, -v = -5*i - 6. What is the greatest common divisor of v and 3?
3
Let h be ((-15028)/12 - 1) + (-4)/6. Let g be (h/16)/(-3) + 7/(-56). What is the greatest common factor of g and 221?
13
Let g(f) = -496*f - 2972. Let i be g(-6). Let n = 10 - -18. Calculate the greatest common factor of n and i.
4
Let h be 2126/8 - 2/(-8). Let d = 66878 + -66726. Calculate the greatest common factor of d and h.
38
Let r be (-46)/(-299) + (-427)/(-13). Let x be 2775/36 + 20/8*1/(-30). Calculate the greatest common factor of r and x.
11
Suppose -2*l + 0 + 6 = 0. Let f(d) = 83*d + 5. Let p be f(l). Suppose 4*q - 415 = 5*y + 65, -2*q - y + p = 0. What is the greatest common factor of q and 50?
25
Suppose -4*i + 3*g = 180, 2*i + 90 = -2*g + g. Let f = 70 + i. What is the highest common factor of f and 200?
25
Let x be (-21)/19 + 1 + (-156)/(-38). Suppose 2*i - 1220 = -x*r, 0*r = 2*r - i - 614. What is the greatest common factor of r and 34?
34
Let f(u) = -u**3 + 18*u**2 - 7*u - 335. Let p be f(14). Calculate the greatest common factor of p and 432.
27
Let i = 31 + -49. Let k(z) be the second derivative of -5*z**3/6 + 4*z**2 + 28*z - 2. Let n be k(i). What is the greatest common factor of 14 and n?
14
Let k(q) be the first derivative of -2*q**2 - 6*q + 65. Let t be k(-4). What is the greatest common divisor of t and 2?
2
Let l be ((-3 - 2) + -19)/(-2). Let f be 116/20 - l/15. Suppose 5*m - 4*c - 30 = 0, -4*c + 2*c - 10 = 0. Calculate the greatest common divisor of m and f.
1
Let p be 75*(9 + 9) - 0. What is the greatest common factor of p and 100?
50
Suppose -10*x + 508 = -8*x. Let m = -212 + x. Suppose -131 = -6*r + 121. Calculate the highest common factor of r and m.
42
Suppose 0 = -4*y - 28, -2*w + 43*y - 39*y = -428. What is the highest common divisor of w and 39400?
200
Suppose -2*m = -m - 3. Suppose -f - 9 = -5*f + m*k, -3*k = -2*f + 3. Let d = f - -7. Calculate the highest common factor of 2 and d.
2
Let o = -14099 - -14806. What is the greatest common divisor of 14 and o?
7
Let j = 6 + 203. Let s be 504/336 - (-410)/20. Calculate the greatest common divisor of s and j.
11
Suppose -431099 - 65386 = -33*j. Calculate the highest common divisor of 170 and j.
85
Let l = -782 - -8498. What is the highest common divisor of 12 and l?
12
Suppose -c + 18 = 22, -2*k + 2*c = -438. Let l = 230 - k. What is the highest common factor of l and 40?
5
Suppose 7*n - 2*n + 5*c = 15, -2*c = -6. Let i = -12 - -16. Suppose n = o - i*o + 12. Calculate the highest common factor of 8 and o.
4
Let a(o) = -82*o**3 - 23*o**2 - 17*o + 6. Let b be a(-1). Calculate the highest common divisor of b and 26896.
82
Let z(q) = -q + 13. Let i be z(-6). Suppose -4*s - 843 = -5*b - 0*s, -849 = -5*b + 2*s. What is the highest common factor of b and i?
19
Suppose 9652 = 2*z + 17*z. Suppose 0 = 4*k - 9*m + 7*m - 536, 0 = 4*k + 5*m - z. Calculate the highest common factor of k and 66.
66
Let v = 530 - 140. Suppose w = -5*w + v. Calculate the highest common factor of 10 and w.
5
Let o = 26 - 23. Let j = 2359 + -2323. Calculate the highest common divisor of j and o.
3
Let t(g) = 4*g**2 + 52*g + 360. Let q be t(-12). Calculate the highest common divisor of q and 2067.
39
Let v(l) = -l**2 - 18*l + 3*l**2 - l**2 - 8 - 27. Let w be v(20). Suppose 0 = -2*z - 10, 3*z = w*q - z - 345. What is the highest common factor of q and 26?
13
Let w be -1*4/6 + (-14416)/(-24). Suppose 0 = -6*r + 1788 - w. What is the greatest common divisor of r and 110?
22
Let k be 2/(-5) + (54/10 - 0). Suppose 4*q - 5*q = 5*y - 350, -1375 = -4*q + k*y. Let d = -3 + q. What is the highest common factor of 38 and d?
38
Let z(o) = o**3 + 16*o**2 + 37*o - 42. Let p be z(-12). What is the highest common divisor of 369 and p?
9
Let z(b) = -b**3 + 9*b**2 - b + 12. Let p be z(9). Let c be (-5)/(-15)*(-18)/5*90/(-12). Calculate the greatest common factor of c and p.
3
Let c = -830 + 220. Let b be (-96)/(-120)*c/(-4). Let k = 112 + b. What is the greatest common factor of 26 and k?
26
Let b = 27852 + -27198. What is the greatest common factor of 33027 and b?
327
Let t be (-3)/1 + 4 + 51. Suppose 34 = -42*a + 9862. Calculate the greatest common divisor of a and t.
26
Suppose -4*b = -5*z - 3182, 4*b + 0*b + z = 3194. Let g be (32/(-6))/(-8)*b/4. What is the greatest common factor of g and 76?
19
Let c be ((-204)/(-18) - 12) + (-3)/(27/(-618)). What is the highest common factor of c and 24?
4
Let l be 25/(-20)*(3 + -31). Let d be 2996/l - 9/15. Suppose 2*o - 25 = 9. What is the highest common divisor of d and o?
17
Suppose -3*d = 4*h - 221 - 16, -2*h = -12. What is the greatest common divisor of 15 and d?
1
Let a(c) = -c**2 - 4*c + 2. Let x be a(0). Let o(b) = -5*b + 4. Let g be o(-6). What is the greatest common factor of g and x?
2
Let a(b) = 2*b**2 + 3*b - 10 + b**2 - 17*b + b**3 + 4*b**2. Let r be a(-8). Let s = -73 - -92. What is the highest common factor of s and r?
19
Suppose 0 = 26*v - 25*v - 250. Suppose 3*b + z - 37 = v, 5*b + 5*z - 475 = 0. Let a = 39 - 3. What is the greatest common divisor of b and a?
12
Suppose 2*f = 32 + 462. Suppose -645 = 3*t - p - 1948, -5 = -p. Let h = t - f. Calculate the highest common divisor of h and 27.
27
Let n = 33 + -5. Suppose 3*h - 2*h + 3*g + 3 = 0, -4*g + n = 4*h. Suppose h*d + 0*d - 492 = 0. What is the highest common divisor of 164 and d?
41
Let s = -46 + 53. Suppose 0 = 5*q - c - 316, 3*q - 125 - 63 = -c. What is the highest common factor of q and s?
7
Let y = 30798 - 28763. What is the greatest common divisor of 165 and y?
55
Let n be ((-14)/4)/((-22)/(-44)). Let r be (-299)/n + (-4)/(-14). Calculate the highest common divisor of r and 43.
43
Let v = 742 + -592. Let d = 168 - 68. Calculate the greatest common factor of d and v.
50
Let r = 1504 + -692. Suppose -1173 = -98*f - 49 + 248. What is the greatest common factor of f and r?
14
Suppose -15 = -2*v - 5. Let q(s) = -s**2 - 11*s - 22. Let p be q(-7). Let l be p/36*-3*-10. Calculate the highest common factor of l and v.
5
Let m = -242 - -379. Suppose 5*g = 3*f + 352, -5*g + 5*f = -m - 213. Suppose -2*y + g = 57. Calculate the highest common divisor of y and 63.
7
Let r = 56 - 41. Let j = r + -12. Suppose -2*g = j*c - 45, -3*c - c = -3*g + 93. What is the greatest common divisor of 108 and g?
27
Suppose -3*x + 3*t - 9 = 0, 2*t + 3*t - 7 = 3*x. Let c be -5*x*(-3)/10. Let s(y) = -5*y - 15. Let b be s(c). What is the highest common factor of 